ided by 124?
50
What is the remainder when 3115 is divided by 3109?
6
Calculate the remainder when 6550 is divided by 253.
225
Calculate the remainder when 323358 is divided by 188.
186
Calculate the remainder when 122104 is divided by 325.
229
What is the remainder when 76266 is divided by 195?
21
Calculate the remainder when 12692 is divided by 594.
218
Calculate the remainder when 6951 is divided by 6737.
214
What is the remainder when 534869 is divided by 481?
478
Calculate the remainder when 14464 is divided by 3610.
24
What is the remainder when 2592 is divided by 33?
18
Calculate the remainder when 15804 is divided by 483.
348
Calculate the remainder when 6731 is divided by 167.
51
Calculate the remainder when 40248 is divided by 23.
21
Calculate the remainder when 119711 is divided by 86.
85
Calculate the remainder when 282644 is divided by 352.
340
What is the remainder when 25130 is divided by 57?
50
Calculate the remainder when 49563 is divided by 27.
18
Calculate the remainder when 1357 is divided by 429.
70
Calculate the remainder when 4842 is divided by 27.
9
What is the remainder when 11815 is divided by 102?
85
What is the remainder when 65034 is divided by 1066?
8
Calculate the remainder when 8405182 is divided by 16.
14
Calculate the remainder when 7130 is divided by 237.
20
What is the remainder when 530025 is divided by 238?
237
Calculate the remainder when 4140 is divided by 2017.
106
What is the remainder when 13214 is divided by 13200?
14
What is the remainder when 9540 is divided by 537?
411
Calculate the remainder when 53224 is divided by 13304.
8
Calculate the remainder when 2448 is divided by 39.
30
What is the remainder when 9483 is divided by 286?
45
What is the remainder when 47327 is divided by 213?
41
What is the remainder when 879 is divided by 69?
51
What is the remainder when 1006 is divided by 995?
11
Calculate the remainder when 286 is divided by 96.
94
Calculate the remainder when 320431 is divided by 14.
13
Calculate the remainder when 264164 is divided by 14.
12
Calculate the remainder when 4421 is divided by 1460.
41
Calculate the remainder when 16745 is divided by 5579.
8
What is the remainder when 12794 is divided by 105?
89
Calculate the remainder when 24771 is divided by 31.
2
Calculate the remainder when 42014 is divided by 101.
99
What is the remainder when 73918 is divided by 64?
62
Calculate the remainder when 9952 is divided by 14.
12
What is the remainder when 6390 is divided by 131?
102
What is the remainder when 2738 is divided by 359?
225
What is the remainder when 9101 is divided by 20?
1
Calculate the remainder when 2687 is divided by 86.
21
What is the remainder when 3967 is divided by 1027?
886
What is the remainder when 95061 is divided by 5280?
21
What is the remainder when 46189 is divided by 173?
171
What is the remainder when 112246 is divided by 6600?
46
Calculate the remainder when 57560 is divided by 101.
91
What is the remainder when 339499 is divided by 14?
13
What is the remainder when 13151 is divided by 8?
7
Calculate the remainder when 82909 is divided by 11842.
15
Calculate the remainder when 19937 is divided by 474.
29
Calculate the remainder when 110434 is divided by 110399.
35
Calculate the remainder when 60485 is divided by 406.
397
Calculate the remainder when 65120 is divided by 134.
130
What is the remainder when 9869 is divided by 83?
75
Calculate the remainder when 23726 is divided by 885.
716
What is the remainder when 6223 is divided by 55?
8
Calculate the remainder when 31302 is divided by 441.
432
What is the remainder when 2128 is divided by 2098?
30
Calculate the remainder when 191414 is divided by 43.
21
What is the remainder when 1342 is divided by 657?
28
What is the remainder when 494174 is divided by 22?
10
Calculate the remainder when 27930 is divided by 964.
938
Calculate the remainder when 27896 is divided by 1869.
1730
Calculate the remainder when 2697 is divided by 184.
121
What is the remainder when 14872 is divided by 155?
147
What is the remainder when 37371 is divided by 47?
6
What is the remainder when 3164 is divided by 623?
49
What is the remainder when 387953 is divided by 129317?
2
Calculate the remainder when 18317 is divided by 71.
70
What is the remainder when 65593 is divided by 937?
3
What is the remainder when 102222 is divided by 647?
643
Calculate the remainder when 602424 is divided by 25.
24
What is the remainder when 38287 is divided by 12758?
13
Calculate the remainder when 7014 is divided by 163.
5
Calculate the remainder when 28621 is divided by 26.
21
Calculate the remainder when 177800 is divided by 6838.
12
What is the remainder when 123248 is divided by 85?
83
What is the remainder when 73393 is divided by 24463?
4
What is the remainder when 42838 is divided by 14275?
13
Calculate the remainder when 12193 is divided by 1520.
33
Calculate the remainder when 7924 is divided by 2579.
187
What is the remainder when 9377 is divided by 720?
17
What is the remainder when 1067205 is divided by 1617?
1602
What is the remainder when 42865 is divided by 33?
31
What is the remainder when 10128 is divided by 3359?
51
Calculate the remainder when 3043 is divided by 665.
383
What is the remainder when 74746 is divided by 1554?
154
What is the remainder when 905 is divided by 8?
1
Calculate the remainder when 269840 is divided by 846.
812
What is the remainder when 710 is divided by 55?
50
Calculate the remainder when 117461 is divided by 5.
1
What is the remainder when 928 is divided by 67?
57
What is the remainder when 10295 is divided by 132?
131
What is the remainder when 14713 is divided by 64?
57
What is the remainder when 3135 is divided by 25?
10
Calculate the remainder when 1942 is divided by 557.
271
Calculate the remainder when 9761 is divided by 617.
506
Calculate the remainder when 1173558 is divided by 51.
48
Calculate the remainder when 834 is divided by 90.
24
What is the remainder when 4176 is divided by 235?
181
What is the remainder when 3674 is divided by 728?
34
What is the remainder when 10525 is divided by 13?
8
What is the remainder when 507 is divided by 17?
14
Calculate the remainder when 129599 is divided by 50.
49
Calculate the remainder when 3886 is divided by 59.
51
What is the remainder when 83719 is divided by 82?
79
Calculate the remainder when 37833 is divided by 18.
15
Calculate the remainder when 1713 is divided by 460.
333
What is the remainder when 132327 is divided by 44106?
9
Calculate the remainder when 3397 is divided by 571.
542
What is the remainder when 26453 is divided by 13?
11
Calculate the remainder when 2704 is divided by 58.
36
Calculate the remainder when 3257 is divided by 72.
17
What is the remainder when 5487 is divided by 1802?
81
What is the remainder when 310317 is divided by 90?
87
What is the remainder when 8255 is divided by 8043?
212
What is the remainder when 1257 is divided by 319?
300
What is the remainder when 92779 is divided by 1345?
1319
Calculate the remainder when 4756 is divided by 13.
11
Calculate the remainder when 12283 is divided by 877.
5
Calculate the remainder when 240343 is divided by 264.
103
What is the remainder when 315 is divided by 208?
107
Calculate the remainder when 150529 is divided by 55.
49
Calculate the remainder when 342 is divided by 80.
22
Calculate the remainder when 50790 is divided by 68.
62
What is the remainder when 39935 is divided by 384?
383
What is the remainder when 39712 is divided by 13230?
22
What is the remainder when 35171 is divided by 357?
185
What is the remainder when 793986 is divided by 488?
10
What is the remainder when 1484 is divided by 107?
93
Calculate the remainder when 16712 is divided by 331.
162
What is the remainder when 15414 is divided by 15160?
254
What is the remainder when 93996 is divided by 161?
133
What is the remainder when 32817 is divided by 127?
51
Calculate the remainder when 2502 is divided by 269.
81
What is the remainder when 4431 is divided by 723?
93
Calculate the remainder when 7084 is divided by 272.
12
What is the remainder when 16774 is divided by 882?
16
Calculate the remainder when 7415 is divided by 746.
701
Calculate the remainder when 183182 is divided by 793.
792
Calculate the re